{"id":1672,"date":"2021-01-26T08:36:44","date_gmt":"2021-01-26T08:36:44","guid":{"rendered":"http:\/\/www.brulabo.irisnet.be\/?page_id=1672"},"modified":"2025-07-01T12:33:39","modified_gmt":"2025-07-01T12:33:39","slug":"7-remuneration-des-membres","status":"publish","type":"page","link":"https:\/\/www.brulabo.irisnet.be\/?page_id=1672","title":{"rendered":"7\u00b0 R\u00e9mun\u00e9ration des membres"},"content":{"rendered":"\n<p>Selon l\u2019article 17.6 des statuts de Brulabo, les r\u00e9mun\u00e9rations des membres du conseil d\u2019administration et de l\u2019assembl\u00e9e g\u00e9n\u00e9rale sont octroy\u00e9es sur base de jetons de pr\u00e9sence, pay\u00e9s en cas de pr\u00e9sence effective.<\/p>\n\n\n\n<p>Rapport de r\u00e9mun\u00e9ration (selon les exigences de l\u2019article 100 du Code des Soci\u00e9t\u00e9s).<\/p>\n\n\n\n<div data-wp-interactive=\"core\/file\" class=\"wp-block-file\"><object data-wp-bind--hidden=\"!state.hasPdfPreview\" hidden class=\"wp-block-file__embed\" data=\"http:\/\/www.brulabo.irisnet.be\/wp-content\/uploads\/2025\/07\/Doc2-1.pdf\" type=\"application\/pdf\" style=\"width:100%;height:600px\" aria-label=\"Contenu embarqu\u00e9 Doc2.\"><\/object><a id=\"wp-block-file--media-99d77ed9-2573-47b4-bc6d-ee7db04b0c1f\" href=\"http:\/\/www.brulabo.irisnet.be\/wp-content\/uploads\/2025\/07\/Doc2-1.pdf\">Doc2<\/a><a href=\"http:\/\/www.brulabo.irisnet.be\/wp-content\/uploads\/2025\/07\/Doc2-1.pdf\" class=\"wp-block-file__button wp-element-button\" download aria-describedby=\"wp-block-file--media-99d77ed9-2573-47b4-bc6d-ee7db04b0c1f\">T\u00e9l\u00e9charger<\/a><\/div>\n\n\n<div class=\"wp-block-post-date__modified-date wp-block-post-date\"><time datetime=\"2025-07-01T12:33:39+00:00\">01\/07\/2025<\/time><\/div>","protected":false},"excerpt":{"rendered":"<p>Selon l\u2019article 17.6 des statuts de Brulabo, les r\u00e9mun\u00e9rations des membres du conseil d\u2019administration et de l\u2019assembl\u00e9e g\u00e9n\u00e9rale sont octroy\u00e9es sur base de jetons de pr\u00e9sence, pay\u00e9s en cas de pr\u00e9sence effective. Rapport de r\u00e9mun\u00e9ration (selon les exigences de l\u2019article 100 du Code des Soci\u00e9t\u00e9s).<\/p>\n","protected":false},"author":3,"featured_media":0,"parent":1641,"menu_order":0,"comment_status":"closed","ping_status":"closed","template":"","meta":{"footnotes":""},"class_list":["post-1672","page","type-page","status-publish","hentry"],"_links":{"self":[{"href":"https:\/\/www.brulabo.irisnet.be\/index.php?rest_route=\/wp\/v2\/pages\/1672","targetHints":{"allow":["GET"]}}],"collection":[{"href":"https:\/\/www.brulabo.irisnet.be\/index.php?rest_route=\/wp\/v2\/pages"}],"about":[{"href":"https:\/\/www.brulabo.irisnet.be\/index.php?rest_route=\/wp\/v2\/types\/page"}],"author":[{"embeddable":true,"href":"https:\/\/www.brulabo.irisnet.be\/index.php?rest_route=\/wp\/v2\/users\/3"}],"replies":[{"embeddable":true,"href":"https:\/\/www.brulabo.irisnet.be\/index.php?rest_route=%2Fwp%2Fv2%2Fcomments&post=1672"}],"version-history":[{"count":10,"href":"https:\/\/www.brulabo.irisnet.be\/index.php?rest_route=\/wp\/v2\/pages\/1672\/revisions"}],"predecessor-version":[{"id":2434,"href":"https:\/\/www.brulabo.irisnet.be\/index.php?rest_route=\/wp\/v2\/pages\/1672\/revisions\/2434"}],"up":[{"embeddable":true,"href":"https:\/\/www.brulabo.irisnet.be\/index.php?rest_route=\/wp\/v2\/pages\/1641"}],"wp:attachment":[{"href":"https:\/\/www.brulabo.irisnet.be\/index.php?rest_route=%2Fwp%2Fv2%2Fmedia&parent=1672"}],"curies":[{"name":"wp","href":"https:\/\/api.w.org\/{rel}","templated":true}]}}