{"id":1711,"date":"2021-01-26T08:50:00","date_gmt":"2021-01-26T08:50:00","guid":{"rendered":"http:\/\/www.brulabo.irisnet.be\/?page_id=1711"},"modified":"2025-07-01T13:37:45","modified_gmt":"2025-07-01T13:37:45","slug":"5-kandidaten-aanwerving-en-bevordering","status":"publish","type":"page","link":"https:\/\/www.brulabo.irisnet.be\/?page_id=1711&lang=nl","title":{"rendered":"5\u00b0 Kandidaten, Aanwerving en Bevordering"},"content":{"rendered":"\n<figure class=\"wp-block-table is-style-stripes\"><table><tbody><tr><td class=\"has-text-align-center\" data-align=\"center\"><strong>Datum van de publicatie van de werkaanbieding<\/strong><\/td><td class=\"has-text-align-center\" data-align=\"center\"><strong>Omschrijving van de betrekking<\/strong><\/td><td class=\"has-text-align-center\" data-align=\"center\"><strong>Aarde van de sollicitatie<\/strong><\/td><td class=\"has-text-align-center\" data-align=\"center\"><strong>Datum beslissing<\/strong><\/td><td class=\"has-text-align-center\" data-align=\"center\"><strong>Aanwerving, bevordering of vervangingscondities<\/strong><\/td><\/tr><tr><td class=\"has-text-align-center\" data-align=\"center\">16-01-2023<\/td><td class=\"has-text-align-center\" data-align=\"center\">Laboratoriumassistent<\/td><td class=\"has-text-align-center\" data-align=\"center\">Aanwerving<\/td><td class=\"has-text-align-center\" data-align=\"center\">29.03.2023<\/td><td class=\"has-text-align-center\" data-align=\"center\">Christophe<br>VANDERBEQUE<\/td><\/tr><tr><td class=\"has-text-align-center\" data-align=\"center\">13-01-2023<\/td><td class=\"has-text-align-center\" data-align=\"center\">Inspecteur voedselhygi\u00ebne<\/td><td class=\"has-text-align-center\" data-align=\"center\">Aanwerving<\/td><td class=\"has-text-align-center\" data-align=\"center\">13-10-2021<\/td><td class=\"has-text-align-center\" data-align=\"center\">J\u00e9r\u00e9my REYGAERTS<\/td><\/tr><tr><td class=\"has-text-align-center\" data-align=\"center\">13-01-2023<\/td><td class=\"has-text-align-center\" data-align=\"center\">Inspecteur voedselhygi\u00ebne<\/td><td class=\"has-text-align-center\" data-align=\"center\">Aanwerving<\/td><td class=\"has-text-align-center\" data-align=\"center\">13-10-2021<\/td><td class=\"has-text-align-center\" data-align=\"center\">Rizlaine BAAKIL<\/td><\/tr><tr><td class=\"has-text-align-center\" data-align=\"center\">20.10.2023<\/td><td class=\"has-text-align-center\" data-align=\"center\">Assistent toegewezen<br>aan het chemielaboratorium<\/td><td class=\"has-text-align-center\" data-align=\"center\">Aanwerving<\/td><td class=\"has-text-align-center\" data-align=\"center\">02.04.2024<\/td><td class=\"has-text-align-center\" data-align=\"center\">Sedat IGLIKCI<\/td><\/tr><tr><td class=\"has-text-align-center\" data-align=\"center\">22.03.2024<\/td><td class=\"has-text-align-center\" data-align=\"center\">IT-secretaris<\/td><td class=\"has-text-align-center\" data-align=\"center\">Aanwerving<\/td><td class=\"has-text-align-center\" data-align=\"center\">02.04.2024<\/td><td class=\"has-text-align-center\" data-align=\"center\">Khadija HAMAMA<\/td><\/tr><tr><td class=\"has-text-align-center\" data-align=\"center\">09.08.2024<\/td><td class=\"has-text-align-center\" data-align=\"center\">Inspecteur voedselhygi\u00ebne<\/td><td class=\"has-text-align-center\" data-align=\"center\">Aanwerving<\/td><td class=\"has-text-align-center\" data-align=\"center\">17.10.2024<\/td><td class=\"has-text-align-center\" data-align=\"center\">Ysaline DALNE<\/td><\/tr><\/tbody><\/table><\/figure>\n\n\n<div class=\"wp-block-post-date__modified-date wp-block-post-date\"><time datetime=\"2025-07-01T13:37:45+00:00\">01\/07\/2025<\/time><\/div>","protected":false},"excerpt":{"rendered":"<p>Datum van de publicatie van de werkaanbieding Omschrijving van de betrekking Aarde van de sollicitatie Datum beslissing Aanwerving, bevordering of vervangingscondities 16-01-2023 Laboratoriumassistent Aanwerving 29.03.2023 ChristopheVANDERBEQUE 13-01-2023 Inspecteur voedselhygi\u00ebne Aanwerving 13-10-2021 J\u00e9r\u00e9my REYGAERTS 13-01-2023 Inspecteur voedselhygi\u00ebne Aanwerving 13-10-2021 Rizlaine BAAKIL 20.10.2023 Assistent toegewezenaan het chemielaboratorium Aanwerving 02.04.2024 Sedat IGLIKCI 22.03.2024 IT-secretaris Aanwerving 02.04.2024 Khadija HAMAMA [&hellip;]<\/p>\n","protected":false},"author":3,"featured_media":0,"parent":1685,"menu_order":0,"comment_status":"closed","ping_status":"closed","template":"","meta":{"footnotes":""},"class_list":["post-1711","page","type-page","status-publish","hentry"],"_links":{"self":[{"href":"https:\/\/www.brulabo.irisnet.be\/index.php?rest_route=\/wp\/v2\/pages\/1711","targetHints":{"allow":["GET"]}}],"collection":[{"href":"https:\/\/www.brulabo.irisnet.be\/index.php?rest_route=\/wp\/v2\/pages"}],"about":[{"href":"https:\/\/www.brulabo.irisnet.be\/index.php?rest_route=\/wp\/v2\/types\/page"}],"author":[{"embeddable":true,"href":"https:\/\/www.brulabo.irisnet.be\/index.php?rest_route=\/wp\/v2\/users\/3"}],"replies":[{"embeddable":true,"href":"https:\/\/www.brulabo.irisnet.be\/index.php?rest_route=%2Fwp%2Fv2%2Fcomments&post=1711"}],"version-history":[{"count":7,"href":"https:\/\/www.brulabo.irisnet.be\/index.php?rest_route=\/wp\/v2\/pages\/1711\/revisions"}],"predecessor-version":[{"id":2445,"href":"https:\/\/www.brulabo.irisnet.be\/index.php?rest_route=\/wp\/v2\/pages\/1711\/revisions\/2445"}],"up":[{"embeddable":true,"href":"https:\/\/www.brulabo.irisnet.be\/index.php?rest_route=\/wp\/v2\/pages\/1685"}],"wp:attachment":[{"href":"https:\/\/www.brulabo.irisnet.be\/index.php?rest_route=%2Fwp%2Fv2%2Fmedia&parent=1711"}],"curies":[{"name":"wp","href":"https:\/\/api.w.org\/{rel}","templated":true}]}}