{"id":54,"date":"2011-11-25T13:56:54","date_gmt":"2011-11-25T13:56:54","guid":{"rendered":"http:\/\/www.brulabo.irisnet.be\/?page_id=54"},"modified":"2023-11-08T09:07:53","modified_gmt":"2023-11-08T09:07:53","slug":"historique","status":"publish","type":"page","link":"https:\/\/www.brulabo.irisnet.be\/?page_id=54","title":{"rendered":"Historique"},"content":{"rendered":"\n<p style=\"text-align: justify;\">D\u00e8s 1863, la Ville de Bruxelles disposait d\u2019un laboratoire communal. Apr\u00e8s plusieurs d\u00e9cennies, le contr\u00f4le \u00e0 l\u2019\u00e9chelon strictement communal se r\u00e9v\u00e9la insuffisant face au d\u00e9veloppement de l\u2019industrie alimentaire et \u00e0 la multiplication des fraudes et falsifications. Le Laboratoire intercommunal fut cr\u00e9\u00e9 durant la guerre en 1916. Il regroupait alors seize communes. Quatre autres communes vinrent s\u2019y ajouter dans les ann\u00e9es 30.<\/p>\n<figure id=\"attachment_6\" aria-describedby=\"caption-attachment-6\" style=\"width: 300px\" class=\"wp-caption alignnone\"><a title=\"\" href=\"\/wp-content\/uploads\/2020\/02\/Laboratoire1919.jpg\" target=\"\" rel=\"noopener noreferrer\"><img decoding=\"async\" class=\"size-medium wp-image-6 aligncenter\" style=\"text-align: left;\" title=\"Laboratoire1919\" src=\"\/wp-content\/uploads\/2020\/02\/Laboratoire1919.jpg\" alt=\"\" width=\"300\" height=\"\" \/><\/a><figcaption id=\"caption-attachment-6\" class=\"wp-caption-text\"><\/dt>\n<dt class=\"wp-caption-dt\" style=\"text-align: left;\">\u00a0 Le Laboratoire en 1919 (ancien Institut d\u2019hygi\u00e8ne \u2013 Parc L\u00e9opold)<\/figcaption><\/figure>\n<p style=\"text-align: justify;\">A sa cr\u00e9ation, le Laboratoire \u00e9tait install\u00e9 dans l\u2019Institut d\u2019Hygi\u00e8ne au Parc L\u00e9opold. Ce b\u00e2timent fut malheureusement d\u00e9moli et fit place \u00e0 l\u2019Institut dentaire Eastman. Entre 1920 et 1930, le Laboratoire fut install\u00e9 \u00e0 Saint-Gilles. En 1930, il retourna d\u00e9finitivement dans le Parc L\u00e9opold en s\u2019installant dans les anciens locaux de l\u2019Institut d\u2019anatomie de l\u2019Universit\u00e9 de Bruxelles (b\u00e2timent Warocqu\u00e9)<\/p>\n<figure id=\"attachment_7\" aria-describedby=\"caption-attachment-7\" style=\"width: 300px\" class=\"wp-caption alignnone\"><a title=\"\" href=\"\/wp-content\/uploads\/2020\/02\/BatimentWaroque.jpg\" target=\"\" rel=\"noopener noreferrer\"><img loading=\"lazy\" decoding=\"async\" class=\"size-medium wp-image-7 aligncenter\" title=\"BatimentWaroque\" src=\"\/wp-content\/uploads\/2020\/02\/BatimentWaroque.jpg\" alt=\"\" width=\"300\" height=\"211\" \/><\/a><figcaption id=\"caption-attachment-7\" class=\"wp-caption-text\">Le b\u00e2timent Warocqu\u00e9 (ancien Institut d\u2019anatomie) qui abrite le Laboratoire depuis 1930<\/figcaption><\/figure>\n<p style=\"text-align: justify;\">Jusqu\u2019apr\u00e8s la seconde guerre mondiale, l\u2019activit\u00e9 principale fut la lutte contre diverses fraudes\u00a0: l\u2019eau dans le lait, le pl\u00e2tre dans la farine, la margarine dans le beurre, etc. Une grande attention \u00e9tait aussi port\u00e9e \u00e0 la propret\u00e9 du lait. Petit \u00e0 petit, d\u2019autres consid\u00e9rations prirent le devant. C\u2019est ainsi que le Laboratoire collabora aux premiers mouvements de d\u00e9fense des consommateurs. Actuellement, l\u2019accent est surtout mis sur la protection de la sant\u00e9 des consommateurs. Le Laboratoire contribue \u00e0 garantir une alimentation saine et s\u00fbre \u00e0 la population. Le contr\u00f4le de l\u2019hygi\u00e8ne des \u00e9tablissements du secteur alimentaire sur base de normes europ\u00e9ennes strictes est devenu au deuxi\u00e8me mill\u00e9naire l\u2019activit\u00e9 principale du Laboratoire.<\/p>\n<p style=\"text-align: justify;\">L&rsquo;\u00e9volution de la valise des inspecteurs.<\/p>\n<p style=\"text-align: justify;\"><a title=\"\" href=\"\/wp-content\/uploads\/2020\/02\/Inspection_Ancien.png\" target=\"\" rel=\"noopener noreferrer\"><img loading=\"lazy\" decoding=\"async\" class=\"alignnone size-medium wp-image-396\" title=\"Ancienne valise inspection\" src=\"\/wp-content\/uploads\/2020\/02\/Inspection_Ancien.png\" alt=\"\" width=\"208\" height=\"300\" \/><\/a><a title=\"\" href=\"\/wp-content\/uploads\/2020\/02\/valise-moderne.jpg\" target=\"\" rel=\"noopener noreferrer\"><img loading=\"lazy\" decoding=\"async\" class=\"alignright size-medium wp-image-340\" title=\"valise moderne inspection\" src=\"\/wp-content\/uploads\/2020\/02\/valise-moderne_R.jpg\" alt=\"\" width=\"300\" height=\"200\" \/><\/a><\/p>\n\n\n<div class=\"wp-block-post-date__modified-date wp-block-post-date\"><time datetime=\"2023-11-08T09:07:53+00:00\">08\/11\/2023<\/time><\/div>","protected":false},"excerpt":{"rendered":"<p>D\u00e8s 1863, la Ville de Bruxelles disposait d\u2019un laboratoire communal. Apr\u00e8s plusieurs d\u00e9cennies, le contr\u00f4le \u00e0 l\u2019\u00e9chelon strictement communal se r\u00e9v\u00e9la insuffisant face au d\u00e9veloppement de l\u2019industrie alimentaire et \u00e0 la multiplication des fraudes et falsifications. Le Laboratoire intercommunal fut cr\u00e9\u00e9 durant la guerre en 1916. Il regroupait alors seize communes. Quatre autres communes vinrent [&hellip;]<\/p>\n","protected":false},"author":1,"featured_media":0,"parent":6,"menu_order":1,"comment_status":"closed","ping_status":"closed","template":"","meta":{"footnotes":""},"class_list":["post-54","page","type-page","status-publish","hentry"],"_links":{"self":[{"href":"https:\/\/www.brulabo.irisnet.be\/index.php?rest_route=\/wp\/v2\/pages\/54","targetHints":{"allow":["GET"]}}],"collection":[{"href":"https:\/\/www.brulabo.irisnet.be\/index.php?rest_route=\/wp\/v2\/pages"}],"about":[{"href":"https:\/\/www.brulabo.irisnet.be\/index.php?rest_route=\/wp\/v2\/types\/page"}],"author":[{"embeddable":true,"href":"https:\/\/www.brulabo.irisnet.be\/index.php?rest_route=\/wp\/v2\/users\/1"}],"replies":[{"embeddable":true,"href":"https:\/\/www.brulabo.irisnet.be\/index.php?rest_route=%2Fwp%2Fv2%2Fcomments&post=54"}],"version-history":[{"count":4,"href":"https:\/\/www.brulabo.irisnet.be\/index.php?rest_route=\/wp\/v2\/pages\/54\/revisions"}],"predecessor-version":[{"id":2251,"href":"https:\/\/www.brulabo.irisnet.be\/index.php?rest_route=\/wp\/v2\/pages\/54\/revisions\/2251"}],"up":[{"embeddable":true,"href":"https:\/\/www.brulabo.irisnet.be\/index.php?rest_route=\/wp\/v2\/pages\/6"}],"wp:attachment":[{"href":"https:\/\/www.brulabo.irisnet.be\/index.php?rest_route=%2Fwp%2Fv2%2Fmedia&parent=54"}],"curies":[{"name":"wp","href":"https:\/\/api.w.org\/{rel}","templated":true}]}}